{"id":15392,"date":"2018-10-20T16:24:23","date_gmt":"2018-10-20T19:24:23","guid":{"rendered":"https:\/\/www.oia.com.ar\/?page_id=15392"},"modified":"2018-11-08T19:24:19","modified_gmt":"2018-11-08T22:24:19","slug":"politica-de-privacidad","status":"publish","type":"page","link":"https:\/\/www.oia.com.ar\/empresa\/politica-de-privacidad\/","title":{"rendered":"Pol\u00edtica de privacidad"},"content":{"rendered":"<p>[vc_row css_animation=&#8221;&#8221; row_type=&#8221;row&#8221; use_row_as_full_screen_section=&#8221;no&#8221; type=&#8221;grid&#8221; angled_section=&#8221;no&#8221; text_align=&#8221;left&#8221; background_image_as_pattern=&#8221;without_pattern&#8221; padding_top=&#8221;20&#8243; padding_bottom=&#8221;100&#8243; z_index=&#8221;&#8221;][vc_column width=&#8221;5\/6&#8243;][vc_column_text]<\/p>\n<h1>Pol\u00edtica de privacidad<\/h1>\n<p>[\/vc_column_text][vc_separator type=&#8221;small&#8221; position=&#8221;left&#8221; up=&#8221;20&#8243; down=&#8221;20&#8243;][vc_column_text]<\/p>\n<h4 class=\"bajada\">OIA se compromete a salvaguardar la privacidad de su informaci\u00f3n. Por &#8216;su informaci\u00f3n&#8217; nos referimos a cualquier informaci\u00f3n que usted o terceros nos proporcionen.<\/h4>\n<p>[\/vc_column_text][vc_separator type=&#8221;small&#8221; position=&#8221;left&#8221; up=&#8221;20&#8243; down=&#8221;20&#8243;][vc_column_text]<\/p>\n<h5>Uso del sitio web de OIA y Cookies<\/h5>\n<p>Utilizamos cookies en su dispositivo para nuestro sitio web, servicios de newsletter y para recopilar datos. Las cookies son peque\u00f1os archivos de texto o gr\u00e1ficos que se almacenan en la computadora del usuario cuando se abre el sitio web de OIA. Estos no son capaces de descargar datos de discos duros o de reenviar direcciones de correo electr\u00f3nico u otros datos de usuario. Nos permiten habilitar nuestra \u00e1rea de clientes, ejecutar nuestra base de datos de cuerpos de certificaci\u00f3n con capacidad de b\u00fasqueda, combatir el fraude y analizar el rendimiento de nuestro sitio web, entre otras cosas.<\/p>\n<p>Nuestro sitio web tambi\u00e9n incluye cookies de proveedores de servicios externos, Google Analytics, Twitter y Facebook. OIA tambi\u00e9n utiliza el bot\u00f3n Twitter &#8216;Tweet&#8217; y el bot\u00f3n &#8216;me gusta&#8217; de Facebook y las cookies relacionadas para que las personas puedan promocionar art\u00edculos f\u00e1cilmente a sus amigos. Estos botones recopilan: An\u00f3nimo: informaci\u00f3n del navegador, datos de cookies, fecha \/ hora, datos demogr\u00e1ficos, tipo de hardware \/ software, proveedor de servicios de Internet, datos de interacci\u00f3n, vistas de p\u00e1gina, seud\u00f3nimo: direcci\u00f3n IP, historial de b\u00fasqueda, ID de dispositivo. Por favor, vea las pol\u00edticas de privacidad de estas organizaciones directamente.<\/p>\n<p>Usted tiene una variedad de herramientas para controlar las cookies y tecnolog\u00edas similares, incluidos los controles del navegador para bloquear y eliminar cookies; y los controles de algunos proveedores de servicios anal\u00edticos de terceros para optar por la recopilaci\u00f3n de datos a trav\u00e9s de estas tecnolog\u00edas. Tenga en cuenta que la configuraci\u00f3n de su navegador puede afectar sus experiencias con nuestros servicios.<\/p>\n<p>&nbsp;<\/p>\n<h5>Principios generales de privacidad de OIA<\/h5>\n<ul>\n<li>Solo recopilaremos y usaremos su informaci\u00f3n cuando tengamos motivos legales y motivos comerciales leg\u00edtimos para hacerlo y no constituya una violaci\u00f3n al compromiso de confidencialidad firmado.<\/li>\n<li>Seremos transparentes en nuestro trato con usted y le diremos c\u00f3mo recopilaremos y usaremos su informaci\u00f3n.<\/li>\n<li>Si hemos recopilado su informaci\u00f3n para un prop\u00f3sito particular, no la utilizaremos para nada m\u00e1s, a menos que se le haya informado y, cuando corresponda, obtenga su permiso.<\/li>\n<li>No solicitaremos m\u00e1s informaci\u00f3n de la que necesitamos para los fines para los que la estamos recopilando.<\/li>\n<li>Actualizaremos nuestros registros cuando nos informe que los datos han cambiado.<\/li>\n<li>Continuamente revisaremos y evaluaremos la calidad de nuestra informaci\u00f3n.<\/li>\n<li>Implementaremos y cumpliremos con las pol\u00edticas de retenci\u00f3n de informaci\u00f3n relacionadas con su informaci\u00f3n y aseguraremos que la misma se elimine de manera segura al final del per\u00edodo de retenci\u00f3n correspondiente.<\/li>\n<li>Observaremos los derechos que se le otorgan conforme a las leyes vigentes de protecci\u00f3n de datos y privacidad y aseguraremos que las consultas relacionadas con cuestiones de privacidad se tramiten de manera r\u00e1pida y transparente.<\/li>\n<li>Capacitaremos a nuestro personal sobre sus obligaciones de privacidad.<\/li>\n<li>Nos aseguraremos de que tengamos medidas de seguridad f\u00edsicas y tecnol\u00f3gicas apropiadas para proteger su informaci\u00f3n, independientemente de d\u00f3nde se encuentre.<\/li>\n<li>Nos aseguraremos de que cuando subcontratamos cualquier proceso, el proveedor tenga implementadas las medidas de seguridad adecuadas y exija por contrato cumplir con estos Principios de Privacidad.<\/li>\n<li>Nos aseguraremos de que existan las garant\u00edas adecuadas antes de que se transfiera la informaci\u00f3n personal.<\/li>\n<li>No reenviaremos datos personales a terceros ni les brindaremos acceso a ellos a menos que esto sea necesario para proporcionar el servicio que se le ha solicitado a OIA. Pueden surgir excepciones debido a requisitos legales, como una citaci\u00f3n judicial para investigaci\u00f3n criminal u otras autoridades.<\/li>\n<li>Retendremos la informaci\u00f3n recopilada sobre usted durante el tiempo que lo permita para fines comerciales leg\u00edtimos.<\/li>\n<\/ul>\n<p>&nbsp;<\/p>\n<h5>Informaci\u00f3n que recolectamos<\/h5>\n<p>Si usted es cliente de OIA, habr\u00e1 firmado un contrato con nosotros accediendo a proporcionarnos cierta informaci\u00f3n. Solo utilizaremos esta informaci\u00f3n para fines comerciales leg\u00edtimos con el fin de evaluar y proporcionar la certificaci\u00f3n para los esquemas que ha solicitado y para calcular las tarifas. Cuando proporcione informaci\u00f3n sobre otros (por ejemplo, colegas de trabajo), debe asegurarse de contar con su consentimiento o, de lo contrario, tener el derecho a proporcionarnos esta informaci\u00f3n.<\/p>\n<p>Si se ha suscrito a nuestro Newsletter, le solicitaremos un consentimiento claro. Nuestra lista est\u00e1 en manos de Connecting y est\u00e1 sujeta adem\u00e1s a sus pol\u00edticas de privacidad.<\/p>\n<p>Si usted es un contacto comercial de OIA y nos ha proporcionado sus datos personales, incluyendo su nombre, direcci\u00f3n, cargo, empleador y tel\u00e9fono de contacto o detalles de Skype, almacenaremos estos detalles en la base de datos principal de OIA, que estar\u00e1 disponible solo para los empleados de OIA con el prop\u00f3sito del negocio leg\u00edtimo.<\/p>\n<p>&nbsp;<\/p>\n<h5>Cambios a la pol\u00edtica de privacidad<\/h5>\n<p>OIA se reserva el derecho de realizar cambios a esta pol\u00edtica de privacidad en cualquier momento si dichos cambios se vuelven necesarios como resultado de omisiones identificadas retrospectivamente, nuevas funciones provistas por OIA o nuevos requisitos legales. OIA informar\u00e1 a sus usuarios registrados sobre cualquier cambio en esta pol\u00edtica de privacidad enviando correos electr\u00f3nicos a la direcci\u00f3n de correo electr\u00f3nico ingresada durante el registro y publicar\u00e1 la pol\u00edtica actualizada en el sitio web.<\/p>\n<p>&nbsp;<\/p>\n<h5>Obtener m\u00e1s informaci\u00f3n sobre la Pol\u00edtica de privacidad de OIA<\/h5>\n<p>Si tiene alguna pregunta sobre la privacidad en OIA o si desea solicitar cambios en los datos personales de OIA, env\u00ede un correo electr\u00f3nico a <a href=\"http:\/\/mailto:oia@oia.com.ar\">oia@oia.com.ar<\/a><\/p>\n<p>&nbsp;<\/p>\n<h5>Derechos de autor<\/h5>\n<p>Los materiales contenidos en este sitio son propiedad de OIA con derechos de autor. Todos los derechos reservados. OIA\u00a0 no garantiza ni declara que el uso de los materiales que se muestran en este Sitio no infringir\u00e1 los derechos de terceros que no son propiedad de OIA ni est\u00e1n afiliados a este. No puede distribuir, modificar, transmitir, reutilizar, reproducir, volver a publicar o utilizar los materiales con derechos de autor en este Sitio para fines p\u00fablicos o comerciales, incluidos el texto, im\u00e1genes, audio y video, sin el consentimiento expreso por escrito de OIA. Por la presente, est\u00e1 autorizado para ver, descargar, imprimir y distribuir p\u00e1ginas individuales de este Sitio sujeto a las siguientes condiciones:<\/p>\n<ul>\n<li>Los materiales con derechos de autor en este sitio pueden ser utilizados solo con fines informativos.<\/li>\n<li>Excepto por lo autorizado espec\u00edficamente por OIA, los materiales con derechos de autor en este Sitio solo se pueden usar para fines personales no comerciales.<\/li>\n<li>Cualquier copia o distribuci\u00f3n de los materiales protegidos por derechos de autor en este Sitio, o parte del mismo, debe incluir este aviso de copyright y todos los dem\u00e1s avisos de derechos de autor adem\u00e1s de otros avisos de propiedad intelectual contenidos en los materiales.<\/li>\n<li>A menos que se indique lo contrario, todo el texto que aparece en este sitio web es propiedad de OIA. Cualquier reproducci\u00f3n, total o parcial, debe ser acreditada por OIA.<\/li>\n<li>Todas las fotograf\u00edas presentadas en este sitio est\u00e1n sujetas a derechos de autor y no deben reproducirse sin permiso. Si est\u00e1 interesado en usar alguna de las im\u00e1genes, cont\u00e1ctese con <a href=\"http:\/\/mailto:oia@oia.com.ar\">oia@oia.com.ar.<\/a><\/li>\n<\/ul>\n<p>&nbsp;<\/p>\n<h5>Renuncia<\/h5>\n<p>Todo en este Sitio se le proporciona &#8216;tal cual&#8217; sin garant\u00eda de ning\u00fan tipo, ya sea expresa o impl\u00edcita, incluidas, entre otras, las garant\u00edas impl\u00edcitas de comerciabilidad, idoneidad para un prop\u00f3sito particular, no infracci\u00f3n o derivadas de un curs. de negociaci\u00f3n, uso comercial o pr\u00e1ctica. Algunas jurisdicciones no permiten la exclusi\u00f3n de garant\u00edas impl\u00edcitas, por lo que es posible que la exenci\u00f3n de responsabilidad anterior no se aplique en su caso. Adem\u00e1s, los materiales contenidos en este Sitio pueden contener inexactitudes t\u00e9cnicas o errores tipogr\u00e1ficos. Los cambios se agregan peri\u00f3dicamente a la informaci\u00f3n aqu\u00ed incluida. OIA puede realizar mejoras y \/ o cambios en este Sitio y las promociones descritas en este Sitio en cualquier momento y sin previo aviso. OIA tampoco asume ninguna responsabilidad, y no ser\u00e1 responsable de ning\u00fan da\u00f1o o virus que pueda infectar su equipo inform\u00e1tico u otra propiedad a causa de su acceso, uso o navegaci\u00f3n dentro de este Sitio; o la descarga de cualquier material, datos, texto, im\u00e1genes, video o audio de este Sitio. En ning\u00fan caso OIA ser\u00e1 responsable por da\u00f1os incidentales o consecuentes, p\u00e9rdida de beneficios, p\u00e9rdida de datos o da\u00f1os indirectos, incluso si OIA ha sido informada de la posibilidad de que esto ocurra.<\/p>\n<p>&nbsp;<\/p>\n<h5>Enlace<\/h5>\n<p>Este Sitio puede contener enlaces a Sitios de propiedad u operados por terceros que no sean OIA. OIA no ha revisado el contenido de todos los sitios vinculados a este Sitio. OIA no controla los sitios externos y no es responsable del contenido de ninguna p\u00e1gina externa ni de ning\u00fan otro sitio vinculado a este Sitio. El enlace a otras p\u00e1ginas externas u otros sitios es bajo su propio riesgo. Los sitios externos pueden contener informaci\u00f3n que algunas personas pueden considerar ofensiva o inapropiada. OIA no asume ninguna responsabilidad por la proyecci\u00f3n de ning\u00fan sitio que est\u00e9 incluido como enlace, y no asume ninguna responsabilidad por el contenido, integridad, disponibilidad, exactitud, legalidad o decencia de ning\u00fan sitio vinculado. OIA no respalda ning\u00fan producto o servicio disponible desde otros sitios, y no es responsable de la falla de ning\u00fan sitio vinculado para proporcionar los bienes o servicios prometidos.<\/p>\n<p>Puede vincular su sitio a <a href=\"http:\/\/www.oia.com.ar\">www.oia.com.ar<\/a> con las siguientes condiciones: No debe colocar ning\u00fan contenido de este Sitio en un marco en su sitio. No debe insinuar que OIA respalda su sitio o cualquier producto en su sitio. No deber\u00e1 tergiversar la relaci\u00f3n de su sitio con OIA. No deber\u00e1 presentar informaci\u00f3n falsa sobre los productos o servicios de OIA. No debe usar las marcas registradas de OIA sin el permiso expreso por escrito. Su sitio no debe contener material que pueda interpretarse como ofensivo. Su sitio debe ser apropiado para todos los grupos de edad. Deber\u00e1 indemnizar y eximir de responsabilidad a OIA y empleados de cualquier reclamaci\u00f3n presentada por un tercero que surja de su enlace a este Sitio. Usted acepta eliminar inmediatamente su enlace a petici\u00f3n de OIA o si incumple alguna de estas condiciones.[\/vc_column_text][vc_separator type=&#8221;transparent&#8221; up=&#8221;31&#8243; down=&#8221;19&#8243;][\/vc_column][vc_column width=&#8221;1\/6&#8243;][\/vc_column][\/vc_row]<\/p>\n","protected":false},"excerpt":{"rendered":"<p>[vc_row css_animation=&#8221;&#8221; row_type=&#8221;row&#8221; use_row_as_full_screen_section=&#8221;no&#8221; type=&#8221;grid&#8221; angled_section=&#8221;no&#8221; text_align=&#8221;left&#8221; background_image_as_pattern=&#8221;without_pattern&#8221; padding_top=&#8221;20&#8243; padding_bottom=&#8221;100&#8243; z_index=&#8221;&#8221;][vc_column width=&#8221;5\/6&#8243;][vc_column_text] Pol\u00edtica de privacidad [\/vc_column_text][vc_separator type=&#8221;small&#8221; position=&#8221;left&#8221; up=&#8221;20&#8243; down=&#8221;20&#8243;][vc_column_text] OIA se compromete a salvaguardar la privacidad de su informaci\u00f3n&#8230;.<\/p>\n","protected":false},"author":1,"featured_media":0,"parent":15330,"menu_order":0,"comment_status":"open","ping_status":"closed","template":"","meta":{"footnotes":""},"class_list":["post-15392","page","type-page","status-publish","hentry"],"_links":{"self":[{"href":"https:\/\/www.oia.com.ar\/wp-json\/wp\/v2\/pages\/15392","targetHints":{"allow":["GET"]}}],"collection":[{"href":"https:\/\/www.oia.com.ar\/wp-json\/wp\/v2\/pages"}],"about":[{"href":"https:\/\/www.oia.com.ar\/wp-json\/wp\/v2\/types\/page"}],"author":[{"embeddable":true,"href":"https:\/\/www.oia.com.ar\/wp-json\/wp\/v2\/users\/1"}],"replies":[{"embeddable":true,"href":"https:\/\/www.oia.com.ar\/wp-json\/wp\/v2\/comments?post=15392"}],"version-history":[{"count":0,"href":"https:\/\/www.oia.com.ar\/wp-json\/wp\/v2\/pages\/15392\/revisions"}],"up":[{"embeddable":true,"href":"https:\/\/www.oia.com.ar\/wp-json\/wp\/v2\/pages\/15330"}],"wp:attachment":[{"href":"https:\/\/www.oia.com.ar\/wp-json\/wp\/v2\/media?parent=15392"}],"curies":[{"name":"wp","href":"https:\/\/api.w.org\/{rel}","templated":true}]}}