{"id":15551,"date":"2019-05-20T15:21:47","date_gmt":"2019-05-20T18:21:47","guid":{"rendered":"https:\/\/www.oia.com.ar\/?page_id=15551"},"modified":"2026-04-16T17:54:05","modified_gmt":"2026-04-16T20:54:05","slug":"por-que-certificar","status":"publish","type":"page","link":"https:\/\/www.oia.com.ar\/certificaciones\/por-que-certificar\/","title":{"rendered":"\u00bfPor qu\u00e9 Certificar?"},"content":{"rendered":"<p>[vc_row css_animation=&#8221;&#8221; row_type=&#8221;row&#8221; use_row_as_full_screen_section=&#8221;no&#8221; type=&#8221;grid&#8221; angled_section=&#8221;no&#8221; text_align=&#8221;left&#8221; background_image_as_pattern=&#8221;without_pattern&#8221; row_negative_margin=&#8221;disable_negative_margin&#8221; padding_top=&#8221;20&#8243; padding_bottom=&#8221;100&#8243; z_index=&#8221;&#8221;][vc_column width=&#8221;2\/3&#8243;][vc_column_text]<\/p>\n<h1>La certificaci\u00f3n otorga al producto valor agregado, contribuyendo a crear un lazo de confianza, seguridad, garant\u00eda y compromiso entre el productor y el consumidor. Resulta as\u00ed una llave de acceso a mercados diferenciados.<\/h1>\n<p>[\/vc_column_text][vc_separator type=&#8221;small&#8221; position=&#8221;left&#8221; up=&#8221;20&#8243; down=&#8221;20&#8243;][vc_column_text]La certificaci\u00f3n de productos garantiza que un productor o procesador trabaje siguiendo par\u00e1metros de calidad establecidos en normas o protocolos.<\/p>\n<p>OIA cuenta con distintos programas de certificaci\u00f3n que se ajustan a las necesidades especificas de sus clientes. Contacte a OIA para conocer cu\u00e1l es el programa que m\u00e1s le conviene.<\/p>\n<h4>Tipos de certificaci\u00f3n<\/h4>\n<p><strong>De primera parte:<\/strong><br \/>\nEn esta certificaci\u00f3n, el productor o procesador garantiza con su palabra la forma en la que produce o elabora su producto.<\/p>\n<p><strong>De segunda parte:<\/strong><br \/>\nEl productor o procesador es controlado por su comprador.<\/p>\n<p><strong>De tercera parte:<\/strong><br \/>\nEst\u00e1 realizada por OIA (organismo de certificaci\u00f3n independiente), que a trav\u00e9s de un proceso transparente y confiable garantiza que el producto cumple con una determinada norma, brind\u00e1ndole seguridad y confianza a compradores y consumidores.[\/vc_column_text][vc_separator type=&#8221;small&#8221; position=&#8221;left&#8221; up=&#8221;30&#8243; down=&#8221;30&#8243;][vc_column_text]<\/p>\n<h4>OIA, en su car\u00e1cter de certificadora acreditada y habilitada por diferentes entidades, publica semestralmente el listado de operadores certificados bajo los determinados Programas de Certificaci\u00f3n que as\u00ed lo exigen.<\/h4>\n<h5>GLOBALG.A.P.<\/h5>\n<ul>\n<li class=\"icon-file\"><a href=\"https:\/\/www.oia.com.ar\/operadores\/Listado_Operadores_GLOBALG.A.P..pdf\" target=\"_blank\" rel=\"noopener noreferrer\">Programa OIA GLOBALG.A.P<\/a><\/li>\n<\/ul>\n<h5>Textil org\u00e1nico<\/h5>\n<ul>\n<li class=\"icon-file\"><a href=\"https:\/\/www.oia.com.ar\/operadores\/ListadooperadoresOIANorma_GOTS_2025Noviembre.pdf\" target=\"_blank\" rel=\"noopener noreferrer\">Programa OIA GOTS \/ Nov 25<\/a><\/li>\n<li class=\"icon-file\"><a href=\"https:\/\/www.oia.com.ar\/operadores\/ListadooperadoresOIANorma_IVN-BEST_2025Noviembre.pdf\" target=\"_blank\" rel=\"noopener noreferrer\">Programa OIA IVN-BEST \/ Nov 25<\/a><\/li>\n<\/ul>\n<h5>Org\u00e1nicos<\/h5>\n<ul>\n<li class=\"icon-file\"><a href=\"https:\/\/www.oia.com.ar\/operadores\/ListadoNormaArg-UEyArgSeptiembre2025.pdf\" target=\"_blank\" rel=\"noopener noreferrer\">Programa OIA (Argentina-UE) \/ Sept 25<\/a><\/li>\n<li class=\"icon-file\"><a href=\"https:\/\/www.oia.com.ar\/operadores\/listadooperadoresUSDANOP.pdf\" target=\"_blank\" rel=\"noopener noreferrer\">Programa OIA USDA &#8211; NOP<\/a><\/li>\n<li class=\"icon-file\"><a href=\"https:\/\/www.oia.com.ar\/operadores\/ListadooperadoresOIAIFOAM_2025Noviembre.pdf\" target=\"_blank\" rel=\"noopener noreferrer\">Programa OIA IFOAM \/ Nov 25<\/a><\/li>\n<li><a href=\"https:\/\/docs.google.com\/spreadsheets\/d\/1kal3X3p_fpU0Eer0vCYZ-zg8wXgbElrxJOddEU_YNH0\/edit?usp=sharing_eip_se_dm&amp;ts=69027bad\" target=\"_blank\" rel=\"noopener noreferrer\">Programa OIA UE-848\/2018<\/a><\/li>\n<li class=\"icon-file\"><a href=\"https:\/\/www.oia.com.ar\/operadores\/ListadoInsumosAprobadosAR_Febrero2025.pdf\" target=\"_blank\" rel=\"noopener noreferrer\">OIA Insumos Aprobados &#8211; Resoluci\u00f3n SENASA N\u00b0 374 \/ 2016 \/ Feb 25<\/a><\/li>\n<li><a href=\"https:\/\/www.oia.com.ar\/operadores\/ListadoInsumosAprobadosNOP_Abril2026.pdf\" target=\"_blank\" rel=\"noopener noreferrer\">OIA Insumos Aprobados &#8211; USDA National Organic Program (NOP) \/ Abr 26<\/a><\/li>\n<li class=\"icon-file\"><a href=\"https:\/\/www.oia.com.ar\/operadores\/ListadooperadoresOIACOR-Canada_2025Noviembre.pdf\" target=\"_blank\" rel=\"noopener noreferrer\">Programa OIA COR-Canad\u00e1 \/ Nov 25<\/a><\/li>\n<li><a href=\"https:\/\/www.oia.com.ar\/operadores\/ListadooperadoresOIACHILE_Enero2026.pdf\" target=\"_blank\" rel=\"noopener noreferrer\">Programa OIA Chile \/ Ene 26<\/a><\/li>\n<\/ul>\n<h5><strong>Textile Exchange &#8211;<\/strong> <strong>Responsible Animal Fiber (RAF)<\/strong><\/h5>\n<ul>\n<li><a href=\"https:\/\/textileexchange.org\/standards\/find-certified-company\/rws-rms-ras-certified\/\" target=\"_blank\" rel=\"noopener noreferrer\">Programa OIA Responsible Wool Standard (RWS)<\/a><\/li>\n<li><a href=\"https:\/\/textileexchange.org\/standards\/find-certified-company\/rws-rms-ras-certified\/\" target=\"_blank\" rel=\"noopener noreferrer\">Programa OIA Responsible Alpaca Standard (RAS)<\/a><\/li>\n<li><a href=\"https:\/\/textileexchange.org\/find-certified-company\/\" target=\"_blank\" rel=\"noopener noreferrer\">Programa OIA Responsible Mohair Standard (RMS)<\/a><\/li>\n<\/ul>\n<h5>Certificaci\u00f3n de Animales y Carnes<\/h5>\n<ul>\n<li><a href=\"https:\/\/www.oia.com.ar\/operadores\/ListadooperadoresOIACARNEACHILE_2025Agosto.pdf\" target=\"_blank\" rel=\"noopener noreferrer\">Carne con destino a Chile seg\u00fan Ley N\u00b0 19.162 de la Rep\u00fablica de Chile \/ Ago 25<\/a><\/li>\n<\/ul>\n<h5>Vegano<\/h5>\n<ul>\n<li><a href=\"https:\/\/www.oia.com.ar\/operadores\/ListadoProtocoloOIAVegano-Vegetariano.pdf\" target=\"_blank\" rel=\"noopener noreferrer\">Protocolo OIA Vegano \/ May 25<\/a><\/li>\n<\/ul>\n<p>[\/vc_column_text][\/vc_column][vc_column width=&#8221;1\/3&#8243;][\/vc_column][\/vc_row]<\/p>\n","protected":false},"excerpt":{"rendered":"<p>[vc_row css_animation=&#8221;&#8221; row_type=&#8221;row&#8221; use_row_as_full_screen_section=&#8221;no&#8221; type=&#8221;grid&#8221; angled_section=&#8221;no&#8221; text_align=&#8221;left&#8221; background_image_as_pattern=&#8221;without_pattern&#8221; row_negative_margin=&#8221;disable_negative_margin&#8221; padding_top=&#8221;20&#8243; padding_bottom=&#8221;100&#8243; z_index=&#8221;&#8221;][vc_column width=&#8221;2\/3&#8243;][vc_column_text] La certificaci\u00f3n otorga al producto valor agregado, contribuyendo a crear un lazo de confianza, seguridad, garant\u00eda y&#8230;<\/p>\n","protected":false},"author":1,"featured_media":0,"parent":15334,"menu_order":0,"comment_status":"open","ping_status":"closed","template":"","meta":{"footnotes":""},"class_list":["post-15551","page","type-page","status-publish","hentry"],"_links":{"self":[{"href":"https:\/\/www.oia.com.ar\/wp-json\/wp\/v2\/pages\/15551","targetHints":{"allow":["GET"]}}],"collection":[{"href":"https:\/\/www.oia.com.ar\/wp-json\/wp\/v2\/pages"}],"about":[{"href":"https:\/\/www.oia.com.ar\/wp-json\/wp\/v2\/types\/page"}],"author":[{"embeddable":true,"href":"https:\/\/www.oia.com.ar\/wp-json\/wp\/v2\/users\/1"}],"replies":[{"embeddable":true,"href":"https:\/\/www.oia.com.ar\/wp-json\/wp\/v2\/comments?post=15551"}],"version-history":[{"count":92,"href":"https:\/\/www.oia.com.ar\/wp-json\/wp\/v2\/pages\/15551\/revisions"}],"predecessor-version":[{"id":27166,"href":"https:\/\/www.oia.com.ar\/wp-json\/wp\/v2\/pages\/15551\/revisions\/27166"}],"up":[{"embeddable":true,"href":"https:\/\/www.oia.com.ar\/wp-json\/wp\/v2\/pages\/15334"}],"wp:attachment":[{"href":"https:\/\/www.oia.com.ar\/wp-json\/wp\/v2\/media?parent=15551"}],"curies":[{"name":"wp","href":"https:\/\/api.w.org\/{rel}","templated":true}]}}