{"id":15975,"date":"2019-09-03T19:13:20","date_gmt":"2019-09-03T22:13:20","guid":{"rendered":"https:\/\/www.oia.com.ar\/?page_id=15975"},"modified":"2019-09-03T19:22:51","modified_gmt":"2019-09-03T22:22:51","slug":"quienes-somos","status":"publish","type":"page","link":"https:\/\/www.oia.com.ar\/empresa\/quienes-somos\/","title":{"rendered":"Qui\u00e9nes somos"},"content":{"rendered":"<p>[vc_row css_animation=&#8221;&#8221; row_type=&#8221;row&#8221; use_row_as_full_screen_section=&#8221;no&#8221; type=&#8221;grid&#8221; angled_section=&#8221;no&#8221; text_align=&#8221;left&#8221; background_image_as_pattern=&#8221;without_pattern&#8221; padding_top=&#8221;20&#8243; padding_bottom=&#8221;100&#8243; z_index=&#8221;&#8221;][vc_column width=&#8221;2\/3&#8243;][vc_column_text]<\/p>\n<h1>Certificadora local, esp\u00edritu global<\/h1>\n<p>[\/vc_column_text][vc_separator type=&#8221;small&#8221; position=&#8221;left&#8221; up=&#8221;7&#8243; down=&#8221;38&#8243;][vc_column_text]<\/p>\n<h4>Organizaci\u00f3n Internacional Agropecuaria S.A. (OIA) es una empresa argentina pionera en certificaci\u00f3n, altamente reconocida por su trayectoria profesional a nivel nacional e internacional. Sus acreditaciones y avales internacionales permiten el acceso de los productos que certifica a los m\u00e1s exigentes mercados.<\/h4>\n<p>[\/vc_column_text][vc_separator type=&#8221;transparent&#8221; up=&#8221;31&#8243; down=&#8221;19&#8243;][vc_row_inner row_type=&#8221;row&#8221; type=&#8221;full_width&#8221; text_align=&#8221;left&#8221; css_animation=&#8221;&#8221;][vc_column_inner][vc_column_text]Desde 1991, opera como certificadora de productos vegetales, animales y procesados, acompa\u00f1ando al mercado org\u00e1nico argentino desde su inicio. Siguiendo la tendencia mundial en alimentos y la demanda de los consumidores en seguridad y calidad alimentaria, OIA expande su experiencia como certificadora de calidad a\u00a0 otros productos de origen agropecuario, pesquero e industrial.<\/p>\n<div class=\"cuerpo\">\n<p>El sello de OIA que acompa\u00f1a al producto certificado acredita que se han respetado las normas y\/o sistemas de producci\u00f3n y, a su vez, brinda confianza y veracidad al consumidor frente al productor, procesador y comercializador de dicho producto.<\/p>\n<\/div>\n<p>[\/vc_column_text][vc_separator type=&#8221;transparent&#8221; up=&#8221;93&#8243; down=&#8221;0&#8243;][\/vc_column_inner][\/vc_row_inner][\/vc_column][vc_column width=&#8221;1\/3&#8243;][vc_column_text]<\/p>\n<h4>Extensi\u00f3n<\/h4>\n<p>[vc_separator type=&#8217;normal&#8217; position=&#8217;left&#8217; color=&#8217;#149e19&#8242; thickness=&#8217;1&#8242; up=&#8217;10&#8217; down=&#8217;45&#8217;]<\/p>\n<p><strong>OIA es miembro del Directorio de Afiliados de IFOAM (Federaci\u00f3n Internacional de Movimientos de Agricultura Org\u00e1nica), de OTA (Organic Trade Association), socio fundador y miembro de la Comisi\u00f3n Directiva de MAPO (Movimiento Argentino para la Producci\u00f3n Org\u00e1nica) y de CACER (C\u00e1mara de Certificadoras de Alimentos Productos Org\u00e1nicos y afines).<\/strong>[\/vc_column_text][vc_separator type=&#8221;transparent&#8221; up=&#8221;1&#8243; down=&#8221;0&#8243;][\/vc_column][\/vc_row]<\/p>\n","protected":false},"excerpt":{"rendered":"<p>[vc_row css_animation=&#8221;&#8221; row_type=&#8221;row&#8221; use_row_as_full_screen_section=&#8221;no&#8221; type=&#8221;grid&#8221; angled_section=&#8221;no&#8221; text_align=&#8221;left&#8221; background_image_as_pattern=&#8221;without_pattern&#8221; padding_top=&#8221;20&#8243; padding_bottom=&#8221;100&#8243; z_index=&#8221;&#8221;][vc_column width=&#8221;2\/3&#8243;][vc_column_text] Certificadora local, esp\u00edritu global [\/vc_column_text][vc_separator type=&#8221;small&#8221; position=&#8221;left&#8221; up=&#8221;7&#8243; down=&#8221;38&#8243;][vc_column_text] Organizaci\u00f3n Internacional Agropecuaria S.A. (OIA) es una empresa argentina&#8230;<\/p>\n","protected":false},"author":1,"featured_media":0,"parent":15330,"menu_order":0,"comment_status":"open","ping_status":"closed","template":"","meta":{"footnotes":""},"class_list":["post-15975","page","type-page","status-publish","hentry"],"_links":{"self":[{"href":"https:\/\/www.oia.com.ar\/wp-json\/wp\/v2\/pages\/15975","targetHints":{"allow":["GET"]}}],"collection":[{"href":"https:\/\/www.oia.com.ar\/wp-json\/wp\/v2\/pages"}],"about":[{"href":"https:\/\/www.oia.com.ar\/wp-json\/wp\/v2\/types\/page"}],"author":[{"embeddable":true,"href":"https:\/\/www.oia.com.ar\/wp-json\/wp\/v2\/users\/1"}],"replies":[{"embeddable":true,"href":"https:\/\/www.oia.com.ar\/wp-json\/wp\/v2\/comments?post=15975"}],"version-history":[{"count":0,"href":"https:\/\/www.oia.com.ar\/wp-json\/wp\/v2\/pages\/15975\/revisions"}],"up":[{"embeddable":true,"href":"https:\/\/www.oia.com.ar\/wp-json\/wp\/v2\/pages\/15330"}],"wp:attachment":[{"href":"https:\/\/www.oia.com.ar\/wp-json\/wp\/v2\/media?parent=15975"}],"curies":[{"name":"wp","href":"https:\/\/api.w.org\/{rel}","templated":true}]}}